. Is x composite?
False
Suppose -50*k + 45*k = -31110. Suppose -5*t = -5*y - 2898 - k, 5*t - 9116 = y. Is t a prime number?
True
Suppose 2*i - 8 = -0*x + 3*x, 3*i + 22 = -4*x. Is 17*(75 + 0 + i) a composite number?
True
Is (-30)/(-45) + (-1766)/(-6) composite?
True
Let w(j) = 4*j**2 - j + 2. Let h be w(-2). Let d be (-5 + (-11)/(-2))/(2/72). Suppose 634 = h*f - d*f. Is f prime?
True
Let n = 1801 + -1010. Is n a prime number?
False
Suppose -7*i + 13157 - 1026 = 0. Is i composite?
False
Let g = 24 - 20. Suppose 0 = 5*v - g*p - 27193, 3*p - 4*p = 2. Is v composite?
False
Let x(k) = 2*k**3 + k**2 - 35*k - 7. Is x(15) a prime number?
False
Let z be ((-1)/((-15)/13910))/(2/3). Suppose -5*y - 276 + z = 0. Is y a prime number?
True
Let i(l) = -83*l - 195. Is i(-6) composite?
True
Let x be ((-25)/(-5))/(3/15). Let y = 716 - x. Is y prime?
True
Suppose 56*b = 53*b + 58053. Is b composite?
True
Let b = 9 + -3. Suppose -b*d + 14 = -4*d. Let k = d - -120. Is k a prime number?
True
Let s(k) = 5*k**3 - 16*k + 15. Let f(h) = 11*h**3 - h**2 - 33*h + 31. Let q(y) = 4*f(y) - 9*s(y). Is q(-8) prime?
True
Let s(l) = -6*l**3 - 4*l**2 + 56*l + 7. Is s(-12) prime?
True
Let w(u) = u**2 - 2*u + 3. Let i be w(2). Suppose -2*k + 1250 = -4*t, 7*t - 8 = i*t. Is k composite?
True
Let z(j) = -j + 159. Let y be z(0). Suppose 0 = 2*s + s. Suppose s*i = 5*n - 2*i - y, 4*n = 5*i + 134. Is n a composite number?
False
Is 14343/42*34*(4 + -3) composite?
True
Let k = -278 - -495. Is k composite?
True
Let v(f) = -f**2 + 13*f - 11. Let t be v(12). Let d(l) = 55*l**3 + l**2 - 1. Let g be d(t). Suppose 6*h - 5*h - 48 = -5*s, h - g = 2*s. Is h a composite number?
False
Let k(u) = -u**3 + 4*u**2 - 2*u + 6. Let s be k(4). Let d(m) = 32*m**3 + 3*m**2. Let a be d(s). Let v = a + 413. Is v a prime number?
False
Suppose 69 + 210 = -3*o. Let c = o - -2836. Is c a prime number?
False
Suppose 2*l - w + 5*w = 18966, -5*l + 47440 = 5*w. Is l a prime number?
False
Let a(k) = -1 + 3*k - 2*k + 3*k. Suppose -2*t - h + 5 = t, -3*h = -3*t + 21. Is a(t) a composite number?
False
Let a(k) = -120*k**3 - k**2 + k + 1. Is a(-1) prime?
False
Let y = -50 - -93. Let r = y - -28. Is r prime?
True
Is 12311 + 19 + (-7 - 0) a prime number?
True
Suppose 2398 - 398 = 2*l. Suppose 5186 = -6*q - l. Let b = -240 - q. Is b composite?
True
Let g(v) = v**3 - 3*v**2 + 2. Let d be g(3). Suppose 0 = d*q + 4*x - 442, -343 + 1383 = 5*q - 3*x. Is q a prime number?
True
Suppose 35 - 34 = -m. Let n(z) = 128*z**2 + 3*z + 2. Is n(m) a prime number?
True
Suppose 35692 = 24*b - 18140. Is b a composite number?
False
Let f = 5839 + 2308. Is f prime?
True
Suppose 4*q + 3*w - 18955 = 0, -2*q + 11423 - 1926 = -5*w. Is q composite?
True
Suppose -161766 + 48608 = -2*p + 5*o, 2*o = 0. Is p prime?
False
Suppose -3*c = -5*c - 18. Let q(x) = -43*x - 3 + 3 + 4. Is q(c) composite?
True
Is (39651/(-18))/(17/(-102)) a composite number?
False
Let f be (5 - 2)/((-9)/(-15)). Suppose f*d - 168 = -4*a + 3323, -4*a + 2093 = 3*d. Is d a prime number?
False
Let o(i) = 0 - 7*i**3 - 3*i**2 - 2*i + 0*i**3 - 5. Let v(p) = -p - 4. Let x be v(-1). Is o(x) composite?
False
Suppose 23*k - 48763 = 20*k + 4*m, -65014 = -4*k + 2*m. Is k composite?
False
Let t = 99 + -81. Suppose -t*z = -19*z + 1151. Is z a composite number?
False
Let z = -482 - -2683. Is z composite?
True
Let l = 25436 - 10293. Is l a composite number?
True
Is 148/12 + -12 + 553596/9 a composite number?
False
Let a be (-1)/(-7) + 372/42. Let c = a + -7. Suppose c*k = -k + 291. Is k a prime number?
True
Let i = -234 + 248. Is i a composite number?
True
Let o(w) = 174*w - 1. Let k be o(3). Suppose -4*z = -5*x + 534 + k, -5*z + x = 1303. Is z/6*(-3)/2 a prime number?
False
Let h be (69 - -5) + -1 + 0. Let c = -18 + h. Is c composite?
True
Is (-485)/(-1) + (9 - 5) a composite number?
True
Let t(i) = i + 24. Let y be t(-18). Is 2/12*1174*18/y composite?
False
Is 0 + -9 + 21248/16 a prime number?
True
Let s be ((-2)/(-4) - (-91998)/(-12))/(-2). Suppose -4*x = 3*k - s, -3*x + 4215 = -2*k + 1336. Is x prime?
False
Let j(r) = 212*r - 85. Is j(9) prime?
True
Let o(m) = 2*m - 4. Let t be o(4). Let s(w) = -3*w**2 + 4*w**2 + t*w**2 - 2*w - 5*w**3 + 1. Is s(-4) composite?
False
Let s(g) = -g - 1. Let r be s(-1). Suppose -48 = -3*w - 3*o + 6*o, r = 4*w - 3*o - 61. Suppose q - 34 = -a, -2*a = -2*q + 69 - w. Is q a prime number?
True
Suppose -3*u - 832 + 6409 = 0. Let y(o) = -5*o**2 - 19*o + 7. Let f be y(-4). Suppose -5*r - h + 3069 = 0, u = f*r - 3*h + 8*h. Is r prime?
True
Let g(k) = k - 2. Let w be g(-7). Is (3/w)/((-3)/8001) composite?
True
Let q(x) = -x**3 + 14*x**2 + 51*x + 25. Is q(-24) a composite number?
True
Let n(f) be the third derivative of -245*f**4/24 + f**3/3 - 5*f**2. Let q be n(-2). Suppose -q = 4*x - 1520. Is x a composite number?
False
Let v be ((-70)/(-28))/(2/(-4) + 1). Suppose 5*c - 2107 = -0*c + 3*g, v*c - 2087 = -2*g. Is c a prime number?
True
Let l(w) = 90*w + 4. Let n(i) = -91*i - 4. Let c(o) = 6*l(o) + 7*n(o). Is c(-9) prime?
False
Is 2 - (-1943 + 64/8) a composite number?
True
Let t be (3/6)/((-4)/(-16)). Let b be t/3 + 20/15. Is (35/b)/((-2)/(-4)) a prime number?
False
Let q = -14537 + 30586. Is q a prime number?
False
Suppose g - 5*x - 1170 = -9*x, -g + 1198 = -3*x. Is g a composite number?
True
Suppose 7*y - 95 = 2*y. Suppose -y*q + 17*q = 14. Is 3 + q*51/(-3) prime?
False
Let s(c) = 5*c**3 - 2*c**2 - c + 2. Let w be s(1). Suppose -w*z + 0*z + 2648 = 0. Is z a composite number?
True
Suppose -x + 2*x + 39 = -2*u, 2*u - 3*x = -27. Let y = u + 20. Is 4268/12 + y/(-3) prime?
False
Suppose 2*b + 18409 = l + 58134, 2*b = 5*l + 39737. Is b prime?
True
Let o(n) = -n**2 - 7*n - 2. Let p be o(-6). Suppose -4*b = -6*b, 27 = -3*l + p*b. Is (-1401)/l + 6/(-9) a composite number?
True
Is (297765/180)/((-1)/(-4)) prime?
False
Let p = -38 - -43. Suppose -d - 4*d + 4815 = p*b, d + 4*b = 975. Is d prime?
False
Suppose 2*m - 61246 = 4*s, -15*m - 30614 = -16*m - s. Is m a prime number?
False
Let j = -623 + 2936. Let r = j + -1640. Is r composite?
False
Suppose t + 199519 = -11*d + 13*d, 0 = -2*d + 2*t + 199516. Is d prime?
True
Let t(k) = 59*k**2 + 17*k - 69. Is t(-22) prime?
False
Suppose t - 1258 = -t. Is t composite?
True
Suppose 0 = -460*u + 470*u - 33710. Is u prime?
True
Let d(o) = 2*o**3 - 2*o**2 + 1. Let m be d(1). Let y be (1 - 0/m)*-3. Let a = y + 5. Is a composite?
False
Let l(g) = g**2 + 8*g + 2. Let r be l(-8). Suppose -3*x - 5*t + 30 = -r*t, 0 = 3*x - 3*t. Suppose -2*o + 7 + x = 0. Is o a prime number?
False
Suppose -4*n + n = 9. Let g be -6 + -1 + 1 + 0. Is 2/g*11*n composite?
False
Let b = 1847 - 1239. Suppose t - 5 = b. Is t prime?
True
Is (521/3)/(8*7/168) composite?
False
Let x = 38 + -36. Is 3/(-1 + x) + 789 + 5 a prime number?
True
Suppose -5*y + o = -51857, 4*y + 4*o + o = 41474. Is y prime?
False
Suppose -4*m = -5*m. Suppose m = 5*j + 4*w - 2110, 0*w = -3*j + 5*w + 1229. Suppose j = -3*v + 5*v. Is v composite?
True
Let p = 2945 - -4506. Is p prime?
True
Let v = -84 - -4561. Suppose -11*o + v = -0*o. Is o prime?
False
Suppose -14*w - 18244 = -18*w. Is w composite?
False
Let t = -126 - -133. Is 1 + (-6)/21 + 3698/t a prime number?
False
Let s(x) = -x + 23. Let n be s(16). Let j = 14 - n. Is 90/4 - j/14 composite?
True
Suppose 2*i - 394 = -3*c, 146 = 2*i + c - 256. Suppose -2*x + i = -371. Is x composite?
True
Let j be (-9)/6*8/(-6). Suppose 4*h + j*y - 116 = -0*y, 87 = 3*h + y. Let k = h + -16. Is k composite?
False
Let i(n) = -n**3 + 39*n**2 + 20*n + 55. Is i(28) a composite number?
False
Let n(i) = -2*i**3 - 11*i**2 + 4*i + 6. Let r be n(-6). Let s be 8/36 - (-3902)/r. Suppose 0 = d + f - s, 4*f + 594 + 509 = 5*d. Is d prime?
False
Let y be 36/(-84) - (-1718)/7. Let v = y - -234. Is v a composite number?
False
Let d = -581 + 1396. Suppose -4*w = -3*m - 2194, w - 2*m = -269 + d. Let s = w + -363. Is s a composite number?
True
Let r = 119 + -118. Is 1*(r - -2392)*1 composite?
False
Let g(j) = -j**2 - 16*j + 24. Let h be g(-17). Suppose 2*w = h*w - 655. Is w composite?
False
Let h = -24 + 29. Suppose h*n + 0*s + s - 1390 = 0, 4*s = -5*n + 1390. Is n a prime number?
False
Let q be (11772/45)/((-1)/(-5)). Let m = q + -863. Suppose -g + m = 4*g. Is g composite?
False
Suppose -u - 4*p 